 38 - 15*d. What is s(5)?
-47
Let t(q) = -7 + 0 + 6 - 2 - q + 0. Suppose 9*d + 64 = 64. Give t(d).
-3
Let u(x) be the first derivative of -2*x**3/3 - 6*x**2 - 10*x + 1279. What is u(-4)?
6
Let r(z) = -z**2 - 156*z + 1093. Let t be r(7). Let j(l) = 2*l**3 + 97*l**2 + 50*l + 92. Give j(t).
-4
Let h(d) = 16*d - 52. Let f(o) = o**2 + 396*o - 8753. Let n be f(21). Determine h(n).
12
Suppose -2*c + 2*v + 8 + 6 = 0, 2*c - 10 = v. Suppose 4*w - c*a + 51 = w, w = 3*a - 7. Let p be (w + 26)*(-1 - -2). Let t(x) = 2*x + 2. What is t(p)?
10
Let q(l) = 73*l**3 - 140*l**2 - 4*l - 186. Let p(a) = -95*a**3 + 185*a**2 + 5*a + 248. Let k(j) = 10*p(j) + 13*q(j). Calculate k(30).
2
Let z(o) = -7328*o + o**3 + 12*o**2 + 14664*o - 7315*o + 25. Give z(-10).
15
Let a(j) = 7*j + 1 - 2 - j**3 + 0*j**3 - 6*j**2. Let c = 30761 + -30767. Calculate a(c).
-43
Suppose o + 13 + 17 = 5*l, 4*l + 5*o = 24. Suppose -6 = x - l*k + 2*k, -x = -5*k + 6. Let h(s) = s**2 + 6*s + 8. Calculate h(x).
8
Let m(h) = -1011*h**2 - 136 + 2023*h**2 + 7*h - 1011*h**2 + 44. Determine m(7).
6
Let i(k) = 30*k + 36*k + k**2 - 56*k + 3*k**2. Give i(-3).
6
Let v(u) = -2*u. Let g = 389 + -275. Let j = -108 + g. Give v(j).
-12
Let f(h) = h**3 - 3*h**2 - 4*h + 13. Let a be (27/18)/(4/8). Give f(a).
1
Let t = -310 - -312. Let p(c) = -c - c + 3*c + t*c - 2*c**2 + 5*c. Determine p(6).
-24
Suppose -2*l = y - 4, -8 = -4*l + 10*y - 6*y. Let u(q) = 4*q - 21*q - 2 - 86*q**3 + 178*q**3 - 16 - 91*q**3 + 15*q**l. Calculate u(-16).
-2
Let x(s) = -12*s - 6. Suppose -5*y = -9*l - 68, -l + 2*l - y + 8 = 0. Calculate x(l).
78
Let q(z) = -1 + 15 - 5*z**2 - 2*z - 3 + z**3. Suppose -182*h + 1216 = 306. Determine q(h).
1
Let o(n) = -4*n + 68. Let f be o(14). Suppose -f = -4*i - 3*t - t, 0 = 5*t. Let r(z) = 3*z - 4. Determine r(i).
5
Let r(f) be the third derivative of -f**6/120 + 7*f**5/30 + 7*f**4/12 - f**3/6 - 3017*f**2 - 1. Calculate r(15).
-16
Suppose 15*y - 38 - 58 = -6. Let w(m) = 3*m - 15. Determine w(y).
3
Let a be (50/(-4))/(-5) - (31/(-2) + 26). Suppose 0 = -l + 5 - 0. Let i(w) = 5 - w**2 + 0*w - 3*w - l*w. What is i(a)?
5
Let v(a) = 4*a - 36. Let j be v(9). Suppose j = 10*r + 159 - 189. Let l(w) = -2*w**3 + 4*w**2 - 3*w + 1. What is l(r)?
-26
Suppose 0 = 3*s + 3*h - 4023, 3*h = 5*s - 2*h - 6705. Let m = s - 655. Let j(f) = 686*f - m*f - 11*f**3 + f**2. Determine j(1).
-10
Let a(i) = -10*i + 84. Suppose 20 = 5*s + 3*o - 8, -3*s = 5*o - 4. Calculate a(s).
4
Suppose -173 = 7*r - 5*c - 46, -3*r - c - 67 = 0. Let n(x) = -16*x - 337. Determine n(r).
-1
Let s(y) = -22*y**2 + 4*y. Let j(z) = 61*z**2 - 13*z - 1. Let p(t) = -4*j(t) - 11*s(t). What is p(-5)?
-86
Let h(q) = q**3 + 8*q - 21. Let n(v) = 2*v**3 - 125*v**2 - 193*v + 66. Let y be n(64). Give h(y).
3
Let m(s) be the third derivative of 1/60*s**5 + 0*s - 94*s**2 + 3/2*s**3 + 5/12*s**4 + 0. Calculate m(-8).
-7
Let h = -2 - -7. Let v(d) = 6*d - 30. Let f(m) = -17*m + 68. Let t(r) = 34*r - 128. Let s(u) = -5*f(u) - 2*t(u). Let j(y) = -4*s(y) + 11*v(y). Give j(h).
-4
Let x(z) be the third derivative of -19*z**4/12 + 2*z**3/3 + 19*z**2 + 43*z. What is x(1)?
-34
Suppose z + 5 = 3*r, -5*r + 3*z + 4 = -3. Let g(f) = 2*f**2 - 13*f - 5*f**2 - 4*f**r + 6*f**2 - 16. Give g(-12).
-4
Let o = 9 + -5. Suppose -9 = -o*n + 7. Let r(j) = 5 + 4 - 11 + n*j. Give r(4).
14
Let r(v) = v**3 - v**2 - v - 11. Let w = 13 + 148. Suppose 0*o + 3*o + w = -f, -104 = 2*o - f. Let j = -53 - o. Calculate r(j).
-11
Let c(z) = 5*z + 1650 - 3640 + 1939. Give c(0).
-51
Let q(s) be the first derivative of s**6/120 + s**5/30 + s**4/24 + 188*s**3/3 - 118. Let m(v) be the third derivative of q(v). Give m(-3).
16
Let x(h) = 212*h - h**3 + 33*h**2 - 2419 - 180*h + 2493. What is x(34)?
6
Let p(b) = -b + 12. Let o(d) be the third derivative of -d**6/120 - d**5/20 - 5*d**4/24 - d**3 + d**2 + 2*d. Let u be o(-3). What is p(u)?
3
Let x(k) = k + 12. Let d(v) = v + 40. Let u(a) = 2*d(a) - 7*x(a). What is u(2)?
-14
Let b(m) = 2*m + 1. Suppose 38*w = 40*w + 2. Let g(h) = 4*h + 12. Let v(u) = w*g(u) + 3*b(u). Give v(8).
7
Let k be (-13)/(-3) + (-2)/6. Suppose -19 = p - 38. Let r(v) = -p + v + 27 - 14. Calculate r(k).
-2
Suppose -2*u - 5*o + 31 = 0, 4*u - 78 = -2*o - 56. Let z(f) = 5*f**2 - 15*f - 9. Give z(u).
-9
Let w(m) = -m + 12. Let a be 2/(((-16)/12)/2). Let j(p) = p - 12. Let z(g) = a*w(g) - 2*j(g). What is z(8)?
-4
Let a(x) = 5*x**2 + 2*x - 2. Suppose 4*g + o - 2*o = 13, 0 = 5*g - 3*o - 25. Suppose -4*r + 208 = -g*w, -3*r + w + 142 = 3*w. Let y = 48 - r. What is a(y)?
14
Let x(s) = -40*s + 361. Let h be (104 + -89 - (18 + -1))*9/(-2). Give x(h).
1
Let v(x) = -2*x**2 - 2*x + 1. Let k = 56 - 54. Suppose p = 4*j - 15, 0 = -3*p + k*j + 2 - 7. Determine v(p).
-3
Suppose 605*g - 444 = 1543 + 1038. Let f(o) = -7*o - 11. Let y(i) = -i - 1. Let p(s) = f(s) - 4*y(s). What is p(g)?
-22
Let w(n) = -2*n. Let r(q) = q**3 + 14*q**2 + 2*q + 29. Let z be r(-14). Let d(t) = 6*t - 1. Let b(p) = z*d(p) + 4*w(p). Calculate b(-4).
7
Let b(m) = 4*m**2 + 1. Let g(q) = q - 10. Let t be g(3). Let h be (-24)/(-6) + t + -1. Let s be 4 - (h - 45/(-5)). Determine b(s).
5
Let i(a) = -8*a + 3. Let b(y) be the second derivative of -4*y**3/3 + 7*y**2/2 + 2*y + 227. Let p(m) = -2*b(m) + 3*i(m). Give p(-5).
35
Let g(v) = -3*v**2 + 32*v + 230. Let q be g(-5). Let y(c) = 4*c - 12. Calculate y(q).
-32
Let r(s) be the second derivative of -s**7/840 + s**6/90 - s**5/120 - s**4/12 - 11*s**3 - 69*s. Let c(z) be the second derivative of r(z). What is c(3)?
4
Let j(o) be the second derivative of o**4/6 + o**3/6 - 49*o**2/2 + 3865*o. Calculate j(5).
6
Let f be (-131 - -132)*(0 - (-8)/2). Suppose 0 = -3*h - 0*h. Suppose 5*v + 2*t - 1 = h, -f*v + 5 = t + 3. Let z(w) = 2*w**2 - 2*w + 1. Calculate z(v).
1
Let w(l) = 9*l**2 + 7*l - 5. Let j(v) = v**2 - 3*v. Let g(t) = 5*j(t) - w(t). Determine g(-6).
-7
Let p be 150/4 + (15/(-2) - -8). Suppose -p*m = -33*m - 15. Let n(f) = f + 105*f**3 + 0*f**2 + 2*f**2 - 3*f - 4 - 104*f**m. What is n(-3)?
-7
Suppose -13*k + 4*z - 268 = -9*k, -2*k - 2*z = 162. Let o(i) = 11*i + 818. Give o(k).
4
Let k(d) = -d**3 - 6*d**2 + 6*d + 3. Let r(h) = -8*h**3 + h - 12*h**2 + 11*h + 6*h**3 - h + 7. Let n(v) = 7*k(v) - 4*r(v). Let t = 4 - 10. Give n(t).
5
Let f(l) = 0 + 0 - 2*l + 2. Let o(q) = -q**2 + 7*q + 35. Let z(w) = w**3 + 7*w**2 + 12*w + 10. Let x be z(-4). Let b be o(x). Give f(b).
-8
Let d(j) = 0*j**3 + j**3 + 3884*j**2 + 3892*j**2 - 2*j - 7772*j**2. Let f(v) = -v + 1. Let m be f(6). Give d(m).
-15
Suppose 4 = 4*s - 68. Let g be 16/s - (-19)/171. Let p be 2 + -1 + (4 - 1 - g). Let u(c) = 2*c**2 - 5*c + 3. Determine u(p).
6
Suppose 667 + 799 = 129*z + 434. Let u(c) = 4*c**2 - 30*c + 5. Determine u(z).
21
Let f be -5*9/(-60)*4. Let z(s) = 2*s + 11 - 13 + f. Give z(1).
3
Let b(w) be the second derivative of 2*w - 1/12*w**4 - 2*w**2 + 0 + 2/3*w**3. Let u(c) = -2*c - 10. Let i be u(-8). Determine b(i).
-16
Let x(t) = 29*t**2 + 2*t - 1. Let m(b) = 5*b**2 + 4*b - 2. Let j(u) = 5*m(u) - x(u). Give j(4).
-1
Suppose 0 = -45*z - 27 + 77 + 85. Let p be (-12)/(-66) - 18/(-22). Let d(l) = -6*l + 8 - p - 5. What is d(z)?
-16
Suppose -927 - 809 = -32*i + 1944. Let p = 0 + 2. Let m(g) = 6 + i*g - 113*g - 3*g**p - 3. Calculate m(-2).
-13
Let q(j) = 31*j**2 + 119*j + 624. Let l(m) = -5*m**2 - 18*m - 104. Let a(d) = -25*l(d) - 4*q(d). Give a(23).
35
Let q = 70465/12 - 5872. Let u(y) be the second derivative of -2*y**2 + 27*y + q*y**4 + 0 - 1/2*y**3. What is u(3)?
-4
Let j(s) = 134*s - 934. Let d be j(7). Let i(b) = -3*b + 12. Determine i(d).
0
Let l be (15/10 + -1)*22. Suppose 0 = -10*x - l - 19. Let c(u) be the third derivative of u**4/24 - 50*u**2. Give c(x).
-3
Let r(w) = -2*w**3 + 14*w**2 - 12*w + 2. Let o be r(6). Let p(u) = -o - 2*u - 4*u**2 - 2*u + u + 4*u + 5*u**2. Determine p(3).
10
Suppose 1100 - 1120 = 4*a, 30 = -2*l - 2*a. Let r(v) = v**3 + 9*v**2 + 3*v - 10. Determine r(l).
-140
Let o(t) = 129*t + 3. Let i(x) = -2126*x - 51. Let k(j) = -2*i(j) - 33*o(j). Suppose 3*v + 2*l = 22, -5*v + l = -4*v + 1. Calculate k(v).
-17
Let n(p) = 2*p**3 + 15*p + 2093*p**2 - 4179*p**2 + 2079*p**2 - 20. Calculate n(4).
56
Let s(x) = x**2 + x - 38. Suppose -l + 48 = 5*r + 42, 30 = 5*l + 4*r. Calculate s(l).
4
Let d = -49263 + 49266. Let a(h) = -h + 11. Let